{"id":4789,"date":"2022-05-22T23:23:59","date_gmt":"2022-05-22T23:23:59","guid":{"rendered":"https:\/\/www.mst.ihu.gr\/index.php\/ilektronika_entypa-copy\/"},"modified":"2025-10-22T10:31:21","modified_gmt":"2025-10-22T10:31:21","slug":"electronic-registry-forms","status":"publish","type":"page","link":"https:\/\/www.mst.duth.gr\/index.php\/en\/electronic-registry-forms\/","title":{"rendered":"Electronic Registry Forms"},"content":{"rendered":"\t\t<div data-elementor-type=\"post\" data-elementor-id=\"4789\" class=\"elementor elementor-4789\" data-elementor-settings=\"[]\">\n\t\t\t<div class=\"elementor-inner\">\n\t\t\t\t<div class=\"elementor-section-wrap\">\n\t\t\t\t\t\t\t<section class=\"has_eae_slider elementor-element elementor-element-d74514d elementor-section-boxed elementor-section-height-default elementor-section-height-default elementor-section elementor-top-section\" data-id=\"d74514d\" data-element_type=\"section\">\n\t\t\t\t\t\t<div class=\"elementor-container elementor-column-gap-default\">\n\t\t\t\t<div class=\"elementor-row\">\n\t\t\t\t<div class=\"has_eae_slider elementor-element elementor-element-a19046c elementor-column elementor-col-100 elementor-top-column\" data-id=\"a19046c\" data-element_type=\"column\">\n\t\t\t<div class=\"elementor-column-wrap  elementor-element-populated\">\n\t\t\t\t\t<div class=\"elementor-widget-wrap\">\n\t\t\t\t<div class=\"elementor-element elementor-element-915c2d1 elementor-widget elementor-widget-heading\" data-id=\"915c2d1\" data-element_type=\"widget\" data-widget_type=\"heading.default\">\n\t\t\t\t<div class=\"elementor-widget-container\">\n\t\t\t<h2 class=\"elementor-heading-title elementor-size-default\">Electronic Forms for Undergraduate Students<\/h2>\t\t<\/div>\n\t\t\t\t<\/div>\n\t\t\t\t\t\t<\/div>\n\t\t\t<\/div>\n\t\t<\/div>\n\t\t\t\t\t\t<\/div>\n\t\t\t<\/div>\n\t\t<\/section>\n\t\t\t\t<section class=\"has_eae_slider elementor-element elementor-element-dcb4ccb elementor-section-boxed elementor-section-height-default elementor-section-height-default elementor-section elementor-top-section\" data-id=\"dcb4ccb\" data-element_type=\"section\">\n\t\t\t\t\t\t<div class=\"elementor-container elementor-column-gap-default\">\n\t\t\t\t<div class=\"elementor-row\">\n\t\t\t\t<div class=\"has_eae_slider elementor-element elementor-element-4f240fe elementor-column elementor-col-100 elementor-top-column\" data-id=\"4f240fe\" data-element_type=\"column\">\n\t\t\t<div class=\"elementor-column-wrap  elementor-element-populated\">\n\t\t\t\t\t<div class=\"elementor-widget-wrap\">\n\t\t\t\t<div class=\"elementor-element elementor-element-4bdcbc4 elementor-widget elementor-widget-text-editor\" data-id=\"4bdcbc4\" data-element_type=\"widget\" data-widget_type=\"text-editor.default\">\n\t\t\t\t<div class=\"elementor-widget-container\">\n\t\t\t\t\t<div class=\"elementor-text-editor elementor-clearfix\"><ul><li>Application to the Secretariat of the Department of General Use<a href=\"https:\/\/www.mst.duth.gr\/wp-content\/uploads\/2020\/05\/\u0391\u0399\u03a4\u0397\u03a3\u0397-\u0391\u03a0\u039b\u0397.docx\"><img loading=\"lazy\" class=\"alignnone wp-image-2182 size-full\" src=\"https:\/\/www.mst.duth.gr\/wp-content\/uploads\/2020\/05\/icons8-microsoft-word-2019-48.png\" alt=\"\" width=\"48\" height=\"48\" \/><\/a><a href=\"https:\/\/www.mst.duth.gr\/wp-content\/uploads\/2021\/09\/aitisi-apli.pdf\"><img loading=\"lazy\" class=\"alignnone wp-image-3594\" src=\"http:\/\/www.mst.ihu.gr\/wp-content\/uploads\/2021\/09\/pdf-155498__340-300x300.png\" alt=\"\" width=\"48\" height=\"48\" srcset=\"https:\/\/www.mst.duth.gr\/wp-content\/uploads\/2021\/09\/pdf-155498__340-300x300.png 300w, https:\/\/www.mst.duth.gr\/wp-content\/uploads\/2021\/09\/pdf-155498__340-150x150.png 150w, https:\/\/www.mst.duth.gr\/wp-content\/uploads\/2021\/09\/pdf-155498__340.png 340w\" sizes=\"(max-width: 48px) 100vw, 48px\" \/><\/a><\/li><\/ul><ul><li style=\"text-align: justify;\">Application for traineeships<a href=\"https:\/\/www.mst.ihu.gr\/wp-content\/uploads\/2020\/05\/\u03b1\u03b9\u03c4\u03b7\u03c3\u03b7-\u03c0\u03c1\u03b1\u03ba\u03c4\u03b9\u03ba\u03b7\u03c2.doc\"><img loading=\"lazy\" class=\"alignnone wp-image-2182 size-full\" src=\"http:\/\/www.mst.ihu.gr\/wp-content\/uploads\/2020\/05\/icons8-microsoft-word-2019-48.png\" alt=\"\" width=\"48\" height=\"48\" \/><\/a> <a href=\"http:\/\/www.mst.ihu.gr\/wp-content\/uploads\/2021\/09\/aitisi-praktikis.pdf\"><img loading=\"lazy\" class=\"alignnone wp-image-3594\" src=\"http:\/\/www.mst.ihu.gr\/wp-content\/uploads\/2021\/09\/pdf-155498__340-300x300.png\" alt=\"\" width=\"48\" height=\"48\" srcset=\"https:\/\/www.mst.duth.gr\/wp-content\/uploads\/2021\/09\/pdf-155498__340-300x300.png 300w, https:\/\/www.mst.duth.gr\/wp-content\/uploads\/2021\/09\/pdf-155498__340-150x150.png 150w, https:\/\/www.mst.duth.gr\/wp-content\/uploads\/2021\/09\/pdf-155498__340.png 340w\" sizes=\"(max-width: 48px) 100vw, 48px\" \/><\/a><\/li><li>Application for the Assumption of the Thesis <a href=\"https:\/\/www.mst.ihu.gr\/wp-content\/uploads\/2020\/05\/\u03a0\u03951_\u0391\u03bd\u03ac\u03bb\u03b7\u03c8\u03b7-\u03a0\u03c4\u03c5\u03c7\u03b9\u03b1\u03ba\u03ae\u03c2-2.docx\"><img loading=\"lazy\" class=\"alignnone wp-image-2182 size-full\" src=\"http:\/\/www.mst.ihu.gr\/wp-content\/uploads\/2020\/05\/icons8-microsoft-word-2019-48.png\" alt=\"\" width=\"48\" height=\"48\" \/><\/a><a href=\"http:\/\/www.mst.ihu.gr\/wp-content\/uploads\/2021\/09\/aitisi-analipsi-ptychiakis.pdf\"><img loading=\"lazy\" class=\"alignnone wp-image-3594\" src=\"http:\/\/www.mst.ihu.gr\/wp-content\/uploads\/2021\/09\/pdf-155498__340-300x300.png\" alt=\"\" width=\"48\" height=\"48\" srcset=\"https:\/\/www.mst.duth.gr\/wp-content\/uploads\/2021\/09\/pdf-155498__340-300x300.png 300w, https:\/\/www.mst.duth.gr\/wp-content\/uploads\/2021\/09\/pdf-155498__340-150x150.png 150w, https:\/\/www.mst.duth.gr\/wp-content\/uploads\/2021\/09\/pdf-155498__340.png 340w\" sizes=\"(max-width: 48px) 100vw, 48px\" \/><\/a><\/li><li style=\"text-align: justify;\">Application for An Extension of the Thesis <a href=\"https:\/\/www.mst.ihu.gr\/wp-content\/uploads\/2020\/05\/\u0391\u03af\u03c4\u03b7\u03c3\u03b7-\u03a0\u03b1\u03c1\u03ac\u03c4\u03b1\u03c3\u03b7\u03c2-\u03a0\u03c4\u03c5\u03c7\u03b9\u03b1\u03ba\u03ae\u03c2.docx\"><img loading=\"lazy\" class=\"alignnone wp-image-2182 size-full\" src=\"http:\/\/www.mst.ihu.gr\/wp-content\/uploads\/2020\/05\/icons8-microsoft-word-2019-48.png\" alt=\"\" width=\"48\" height=\"48\" \/><\/a><a href=\"http:\/\/www.mst.ihu.gr\/wp-content\/uploads\/2021\/09\/A\u00edtisi-Par\u00e1tasis-Ptychiak\u00eds.pdf\"><img loading=\"lazy\" class=\"alignnone wp-image-3594\" src=\"http:\/\/www.mst.ihu.gr\/wp-content\/uploads\/2021\/09\/pdf-155498__340-300x300.png\" alt=\"\" width=\"48\" height=\"48\" srcset=\"https:\/\/www.mst.duth.gr\/wp-content\/uploads\/2021\/09\/pdf-155498__340-300x300.png 300w, https:\/\/www.mst.duth.gr\/wp-content\/uploads\/2021\/09\/pdf-155498__340-150x150.png 150w, https:\/\/www.mst.duth.gr\/wp-content\/uploads\/2021\/09\/pdf-155498__340.png 340w\" sizes=\"(max-width: 48px) 100vw, 48px\" \/><\/a><\/li><li>Dissertation Evaluation Form <a href=\"https:\/\/www.mst.ihu.gr\/wp-content\/uploads\/2020\/05\/\u03a0\u03953_\u0395\u03be\u03ad\u03c4\u03b1\u03c3\u03b7-\u03a0\u03c4\u03c5\u03c7\u03b9\u03b1\u03ba\u03ae\u03c2.docx\"><img loading=\"lazy\" class=\"alignnone wp-image-2182 size-full\" src=\"http:\/\/www.mst.ihu.gr\/wp-content\/uploads\/2020\/05\/icons8-microsoft-word-2019-48.png\" alt=\"\" width=\"48\" height=\"48\" \/><\/a><a href=\"http:\/\/www.mst.ihu.gr\/wp-content\/uploads\/2021\/09\/Ex\u00e9tasi-Ptychiak\u00eds.pdf\"><img loading=\"lazy\" class=\"alignnone wp-image-3594\" src=\"http:\/\/www.mst.ihu.gr\/wp-content\/uploads\/2021\/09\/pdf-155498__340-300x300.png\" alt=\"\" width=\"48\" height=\"48\" srcset=\"https:\/\/www.mst.duth.gr\/wp-content\/uploads\/2021\/09\/pdf-155498__340-300x300.png 300w, https:\/\/www.mst.duth.gr\/wp-content\/uploads\/2021\/09\/pdf-155498__340-150x150.png 150w, https:\/\/www.mst.duth.gr\/wp-content\/uploads\/2021\/09\/pdf-155498__340.png 340w\" sizes=\"(max-width: 48px) 100vw, 48px\" \/><\/a><\/li><li>Application for Registration by ranking <a href=\"https:\/\/www.mst.ihu.gr\/wp-content\/uploads\/2020\/05\/\u03b1\u03b9\u03c4\u03b7\u03c3\u03b7-\u03ba\u03b1\u03c4\u03ac\u03c4\u03b1\u03be\u03b7\u03c2-1.doc\"><img loading=\"lazy\" class=\"alignnone wp-image-2182 size-full\" src=\"http:\/\/www.mst.ihu.gr\/wp-content\/uploads\/2020\/05\/icons8-microsoft-word-2019-48.png\" alt=\"\" width=\"48\" height=\"48\" \/><\/a><a href=\"http:\/\/www.mst.ihu.gr\/wp-content\/uploads\/2021\/09\/aitisi-kat\u00e1taxis.pdf\"><img loading=\"lazy\" class=\"alignnone wp-image-3594\" src=\"http:\/\/www.mst.ihu.gr\/wp-content\/uploads\/2021\/09\/pdf-155498__340-300x300.png\" alt=\"\" width=\"48\" height=\"48\" srcset=\"https:\/\/www.mst.duth.gr\/wp-content\/uploads\/2021\/09\/pdf-155498__340-300x300.png 300w, https:\/\/www.mst.duth.gr\/wp-content\/uploads\/2021\/09\/pdf-155498__340-150x150.png 150w, https:\/\/www.mst.duth.gr\/wp-content\/uploads\/2021\/09\/pdf-155498__340.png 340w\" sizes=\"(max-width: 48px) 100vw, 48px\" \/><\/a><\/li><li>Application for suspension of studies <a href=\"https:\/\/www.mst.ihu.gr\/wp-content\/uploads\/2020\/05\/\u0391\u0399\u03a4\u0397\u03a3\u0397-\u0391\u039d\u0391\u03a3\u03a4\u039f\u039b\u0397\u03a3-\u03a3\u03a0\u039f\u03a5\u0394\u03a9\u039d-.doc\"><img loading=\"lazy\" class=\"alignnone wp-image-2182 size-full\" src=\"http:\/\/www.mst.ihu.gr\/wp-content\/uploads\/2020\/05\/icons8-microsoft-word-2019-48.png\" alt=\"\" width=\"48\" height=\"48\" \/><\/a><a href=\"http:\/\/www.mst.ihu.gr\/wp-content\/uploads\/2021\/09\/AITISI-ANASTOLIS-SPOUDON-.pdf\"><img loading=\"lazy\" class=\"alignnone wp-image-3594\" src=\"http:\/\/www.mst.ihu.gr\/wp-content\/uploads\/2021\/09\/pdf-155498__340-300x300.png\" alt=\"\" width=\"48\" height=\"48\" srcset=\"https:\/\/www.mst.duth.gr\/wp-content\/uploads\/2021\/09\/pdf-155498__340-300x300.png 300w, https:\/\/www.mst.duth.gr\/wp-content\/uploads\/2021\/09\/pdf-155498__340-150x150.png 150w, https:\/\/www.mst.duth.gr\/wp-content\/uploads\/2021\/09\/pdf-155498__340.png 340w\" sizes=\"(max-width: 48px) 100vw, 48px\" \/><\/a><\/li><li>Application for registration by transfer <a href=\"https:\/\/www.mst.ihu.gr\/wp-content\/uploads\/2020\/05\/\u03b1\u03af\u03c4\u03b7\u03c3\u03b7-\u03bc\u03b5\u03c4\u03b5\u03b3\u03b3\u03c1\u03b1\u03c6\u03ae\u03c2.doc\"><img loading=\"lazy\" class=\"alignnone wp-image-2182 size-full\" src=\"http:\/\/www.mst.ihu.gr\/wp-content\/uploads\/2020\/05\/icons8-microsoft-word-2019-48.png\" alt=\"\" width=\"48\" height=\"48\" \/><\/a><a href=\"http:\/\/www.mst.ihu.gr\/wp-content\/uploads\/2021\/09\/a\u00edtisi-metengraf\u00eds.pdf\"><img loading=\"lazy\" class=\"alignnone wp-image-3594\" src=\"http:\/\/www.mst.ihu.gr\/wp-content\/uploads\/2021\/09\/pdf-155498__340-300x300.png\" alt=\"\" width=\"48\" height=\"48\" srcset=\"https:\/\/www.mst.duth.gr\/wp-content\/uploads\/2021\/09\/pdf-155498__340-300x300.png 300w, https:\/\/www.mst.duth.gr\/wp-content\/uploads\/2021\/09\/pdf-155498__340-150x150.png 150w, https:\/\/www.mst.duth.gr\/wp-content\/uploads\/2021\/09\/pdf-155498__340.png 340w\" sizes=\"(max-width: 48px) 100vw, 48px\" \/><\/a><\/li><li>Certificate of participation in the examinations <a href=\"https:\/\/www.mst.ihu.gr\/wp-content\/uploads\/2022\/01\/VEVAIOSI-SYMMETOCHIS-STIS-EXETASEIS.doc\"><img loading=\"lazy\" class=\"alignnone wp-image-2182 size-full\" src=\"http:\/\/www.mst.ihu.gr\/wp-content\/uploads\/2020\/05\/icons8-microsoft-word-2019-48.png\" alt=\"\" width=\"48\" height=\"48\" \/><\/a><a href=\"http:\/\/www.mst.ihu.gr\/wp-content\/uploads\/2022\/01\/VEVAIOSI-SYMMETOCHIS-STIS-EXETASEIS.pdf\"><img loading=\"lazy\" class=\"alignnone wp-image-3594\" src=\"http:\/\/www.mst.ihu.gr\/wp-content\/uploads\/2021\/09\/pdf-155498__340-300x300.png\" alt=\"\" width=\"48\" height=\"48\" srcset=\"https:\/\/www.mst.duth.gr\/wp-content\/uploads\/2021\/09\/pdf-155498__340-300x300.png 300w, https:\/\/www.mst.duth.gr\/wp-content\/uploads\/2021\/09\/pdf-155498__340-150x150.png 150w, https:\/\/www.mst.duth.gr\/wp-content\/uploads\/2021\/09\/pdf-155498__340.png 340w\" sizes=\"(max-width: 48px) 100vw, 48px\" \/><\/a><\/li><li style=\"text-align: justify;\">Application for a graduation certificate &#8211; copy of degree <a href=\"https:\/\/www.mst.ihu.gr\/wp-content\/uploads\/2020\/05\/\u0391\u0399\u03a4\u0397\u03a3\u0397-\u0391\u03a0\u039f\u03a6\u039f\u0399\u03a4\u0397\u03a3\u0397\u03a3.docx\"><img loading=\"lazy\" class=\"alignnone wp-image-2182 size-full\" src=\"http:\/\/www.mst.ihu.gr\/wp-content\/uploads\/2020\/05\/icons8-microsoft-word-2019-48.png\" alt=\"\" width=\"48\" height=\"48\" \/><\/a><a href=\"http:\/\/www.mst.ihu.gr\/wp-content\/uploads\/2021\/09\/AITISI-APOFOITISIS.pdf\"><img loading=\"lazy\" class=\"alignnone wp-image-3594\" src=\"http:\/\/www.mst.ihu.gr\/wp-content\/uploads\/2021\/09\/pdf-155498__340-300x300.png\" alt=\"\" width=\"48\" height=\"48\" srcset=\"https:\/\/www.mst.duth.gr\/wp-content\/uploads\/2021\/09\/pdf-155498__340-300x300.png 300w, https:\/\/www.mst.duth.gr\/wp-content\/uploads\/2021\/09\/pdf-155498__340-150x150.png 150w, https:\/\/www.mst.duth.gr\/wp-content\/uploads\/2021\/09\/pdf-155498__340.png 340w\" sizes=\"(max-width: 48px) 100vw, 48px\" \/><\/a><\/li><\/ul><\/div>\n\t\t\t\t<\/div>\n\t\t\t\t<\/div>\n\t\t\t\t\t\t<\/div>\n\t\t\t<\/div>\n\t\t<\/div>\n\t\t\t\t\t\t<\/div>\n\t\t\t<\/div>\n\t\t<\/section>\n\t\t\t\t\t\t<\/div>\n\t\t\t<\/div>\n\t\t<\/div>\n\t\t","protected":false},"excerpt":{"rendered":"<p>Electronic Forms for Undergraduate Students Application to the Secretariat of the Department of General Use Application for traineeships Application for the Assumption of the Thesis Application for An Extension of the Thesis Dissertation Evaluation Form Application for Registration by ranking Application for suspension of studies Application for registration by transfer Certificate of participation in the [&hellip;]<\/p>\n","protected":false},"author":3,"featured_media":0,"parent":0,"menu_order":0,"comment_status":"closed","ping_status":"closed","template":"","meta":[],"_links":{"self":[{"href":"https:\/\/www.mst.duth.gr\/index.php\/wp-json\/wp\/v2\/pages\/4789"}],"collection":[{"href":"https:\/\/www.mst.duth.gr\/index.php\/wp-json\/wp\/v2\/pages"}],"about":[{"href":"https:\/\/www.mst.duth.gr\/index.php\/wp-json\/wp\/v2\/types\/page"}],"author":[{"embeddable":true,"href":"https:\/\/www.mst.duth.gr\/index.php\/wp-json\/wp\/v2\/users\/3"}],"replies":[{"embeddable":true,"href":"https:\/\/www.mst.duth.gr\/index.php\/wp-json\/wp\/v2\/comments?post=4789"}],"version-history":[{"count":6,"href":"https:\/\/www.mst.duth.gr\/index.php\/wp-json\/wp\/v2\/pages\/4789\/revisions"}],"predecessor-version":[{"id":9826,"href":"https:\/\/www.mst.duth.gr\/index.php\/wp-json\/wp\/v2\/pages\/4789\/revisions\/9826"}],"wp:attachment":[{"href":"https:\/\/www.mst.duth.gr\/index.php\/wp-json\/wp\/v2\/media?parent=4789"}],"curies":[{"name":"wp","href":"https:\/\/api.w.org\/{rel}","templated":true}]}}